 + 31*m = 36*m - 4408. What is the remainder when 98 is divided by m?
22
Let i = -142 + 145. Calculate the remainder when 20 is divided by 13 + -6*(-1)/i.
5
Let i = -974 - -869. What is the remainder when (-14 + 8)/(2/i) is divided by 25?
15
Suppose 9*o = -4*x + 11*o + 12, -5*o = x - 14. Suppose -3*w - c + 81 = 0, -x*w - c + 97 = 4*c. What is the remainder when 106 is divided by w?
22
Suppose 642 = -46*p + 49*p - 4*i, i - 894 = -4*p. Calculate the remainder when 446 is divided by p.
2
Suppose -20173*g - 56 = -20171*g - 388. Calculate the remainder when 412 is divided by g.
80
Suppose 6*w + 21*w - 459 = 0. Suppose 4*y + 396 = 4*t, 2*t + 68 = 5*y + 269. What is the remainder when t is divided by w?
13
Suppose -182 = 5*m + 8. Let a = -36 - m. What is the remainder when (197 - (1 - (-2 - 0)))/a is divided by 14?
13
Let r = 587 + -1028. Let b = -395 - r. What is the remainder when b is divided by 39?
7
Let n(p) = 14*p + 147. What is the remainder when 315 is divided by n(-10)?
0
Let v be 2/6 + (5 - 316/12). What is the remainder when 236 + -15 + v/3 is divided by 36?
34
Let o = 3434 + -3422. Calculate the remainder when 7774 is divided by o.
10
Suppose -145 = 2*i + 125. Calculate the remainder when 99 is divided by i/(-30) + (-2)/4.
3
Let x(p) = 2*p**3 - 5*p**2 - 3*p + 15. Let q be x(-5). Let v = q - -404. Calculate the remainder when 171 is divided by v.
53
Suppose 40 = 3*l - 5. Let r be (-2)/l + (-2708)/(-60). Suppose 5*x + 55 = o, x - r + 8 = -o. What is the remainder when 156 is divided by o?
36
Let y(m) = -56*m + 8. Suppose 4*r - r + 6 = 0. Let k be y(r). Suppose -3*n = -n - k. Calculate the remainder when n is divided by 13.
8
Let l(x) = 3*x**3 + 6*x**2 - 5*x + 1. Suppose -4*m = s - 208, 3*m - 9*s + 8*s - 163 = 0. What is the remainder when m is divided by l(2)?
14
Let v = 297 - 309. Calculate the remainder when 71 is divided by (81/v)/((-6)/16).
17
Suppose -4*x + 8 = 5*b - 11, -x = -5*b - 11. Let d = x + 16. Calculate the remainder when 37 is divided by d.
15
Suppose 1836 = 16*p - 884. What is the remainder when p is divided by 29?
25
Suppose 0 = 3*n - 69. Suppose 0 = 4*d + 16*d - 320. What is the remainder when (d/3)/((-63)/(-756)) is divided by n?
18
Let q = -22573 + 22650. Suppose 35 + 33 = 4*m. Calculate the remainder when q is divided by m.
9
Suppose c - 3*c - 468 = 0. Calculate the remainder when 90 is divided by c/(-4) + (-171)/(-18) + -10.
32
Let j(v) = v**3 + 20*v**2 + 38*v. Calculate the remainder when j(-16) is divided by 35.
31
Let z = 1 - -1. Suppose 3*h = -4*p + 3252, 15*p - 2434 = 12*p - h. Let b = p + -808. Calculate the remainder when b is divided by z.
0
Suppose 0*n = -5*n + 225. Let m = n - 48. Calculate the remainder when (-8)/m*(6 - 3/(-2)) is divided by 8.
4
Let t = 17 + 94. Let i = 153 - t. Suppose 2*g - 7*g + 3*y + 95 = 0, 2*g - 4*y = 24. Calculate the remainder when i is divided by g.
20
Let z = -25 - -10. Let t = 42 + z. Let j = 45 - t. What is the remainder when 68 is divided by j?
14
Let q = 658 - 653. Suppose -104 - 304 = -4*d. Calculate the remainder when d is divided by q.
2
Suppose -k + 5*d = 50, -4*k - 187 + 35 = 4*d. Calculate the remainder when (381 + -1)*-4*5/k is divided by 52.
34
Let s(z) = -67*z - 453. Calculate the remainder when 178 is divided by s(-8).
12
Let b = 13 + 18. Let l = 4253 - 4150. Calculate the remainder when l is divided by b.
10
Let i = -304 + 614. Suppose i = 11*r - 9*r. What is the remainder when r is divided by 12?
11
Suppose 19 = 3*r - 2*l, -2*l - 18 = -5*r + 11. Let q(u) = u**3 - 7*u**2 + 11*u + 17. Calculate the remainder when 153 is divided by q(r).
21
Suppose 358*n - 16961 = 1882 + 131. Let i = -4 - -3. What is the remainder when 156/i*(-8)/6 is divided by n?
49
Calculate the remainder when 5195 is divided by -9 + (5 - 1)*(-102)/(-12).
20
Suppose -5*c - 4*n = -1118, -16*c + 21*c - 1102 = 4*n. What is the remainder when c is divided by 86?
50
Let z = 196 + -194. What is the remainder when 106 is divided by ((-228)/(-8))/(z/4)?
49
Suppose 6*l - 9*l + 21 = 0. Let m(q) = q**3 - 8*q**2 + 5*q - 5. Let o be m(l). Let v = o - -22. What is the remainder when 11 is divided by v?
2
Suppose -l = -21*s + 13*s + 1318, 5*s = 2*l + 821. What is the remainder when 1480 is divided by s?
160
Let x = -53 - -45. Let y(i) = 7*i - 19. Let u be y(x). Calculate the remainder when 55 is divided by u/6*6/(-5).
10
Let x be (3 - (0 - -3)) + 121 + -1. Suppose -u = u - x. Suppose 0 - u = -3*z. What is the remainder when z is divided by 8?
4
Let a be 101/1 + (-136)/17. Calculate the remainder when 213 is divided by (a/5 + -1)/((-226)/(-565)).
37
Let z(d) = -62*d**3 - d**2 - 4*d - 3. Let y = -437 - -436. What is the remainder when z(y) is divided by 23?
16
Let g be (2/7 - (-234)/63) + -628. Let v = -370 - g. Calculate the remainder when v is divided by 17.
16
Let n(u) = -u**3 + 16*u**2 - 161*u - 12. What is the remainder when n(-8) is divided by 31?
22
Suppose -109080 = -149*x - 21468. Calculate the remainder when x is divided by 18.
12
Let j(o) = -4*o**3 - o**2 - 2*o - 2. Let g(b) = b**3 + b**2 + b. Let z(p) = -3*g(p) - j(p). What is the remainder when z(4) is divided by (((-44)/(-11))/4)/1*8?
6
Let v(z) = 9*z + 22. Let w(c) = -c + 1. Let t(b) = -2*v(b) - 14*w(b). What is the remainder when 17 is divided by t(-17)?
7
Suppose 0 = -2*z + m + 28, -25*z - 20 = -27*z - m. What is the remainder when 797 is divided by z?
5
Let a(y) = 12*y + 10. Let z = -240 + 243. Calculate the remainder when a(z) is divided by 13.
7
What is the remainder when (-3515 + 5)/(-10)*2 is divided by 102?
90
Let p = 2323 + -2136. Calculate the remainder when p is divided by 48.
43
Let x(d) = -d**2 + 24*d - 63. Let r(z) = 3*z**2 - 47*z + 125. Let y(q) = 2*r(q) + 5*x(q). What is the remainder when 22 is divided by y(-29)?
0
Let g(w) = w**3 - 30*w**2 + 205*w - 119. What is the remainder when 824 is divided by g(9)?
24
Let y = 284 + -135. Suppose -3*z + 2*f = -z + 140, z + 72 = 2*f. Calculate the remainder when y is divided by (0 + -2)/(-3 + (-196)/z).
13
Suppose 0 = -51*o + 49*o + 32. Calculate the remainder when 126/o + (-5)/(6 + -46) is divided by (-5)/(2/2 + -2).
3
Let y(f) = -f**2 + 18*f - 20. Let u(w) = w**2 - 3 - 10*w + 4 + 14 + 0. Let v be u(10). What is the remainder when 73 is divided by y(v)?
23
Let p = 5069 + -4463. Calculate the remainder when p is divided by 152.
150
Let q be ((-2)/4)/(3/(-18)). Suppose n + 4*p = -q, -p = -5*n - 40 + 130. Calculate the remainder when 134 is divided by n.
15
Suppose -23*u - 3*u = 45*u - 497. Calculate the remainder when 8713 is divided by u.
5
Let b(t) = t**3 - 5*t**2 - 5*t - 8. Suppose 13*p = 15*p - 58. Suppose -5*r + 32 = 4*s, -5*s = -4*r + 13 + p. Calculate the remainder when b(7) is divided by r.
7
Let b = -43 - -59. Let k(y) = -32 - 2 + b - 12*y. What is the remainder when 88 is divided by k(-4)?
28
Suppose 4*m = 3*t - 1040 + 95, 0 = -t - 4*m + 331. What is the remainder when t is divided by 44?
11
Let o = -3449 + 5969. Suppose -18*d + 36*d - o = 0. What is the remainder when d is divided by 16?
12
Suppose 5*t - 10*t = -10. Let u = 10 + -8. Suppose -b = -3*b - 6, t*b = -u*a + 124. Calculate the remainder when a is divided by 17.
14
Let i(d) = 16*d**2 + 343 - 15*d**2 + 22*d - 275. What is the remainder when 19 is divided by i(-3)?
8
Let g(s) = -21*s - 1. Let r be ((-6 + -4)*(-5)/(-2))/(-1). Calculate the remainder when (-544)/(-14) + 2/(-11 + r) is divided by g(-1).
19
Let t(y) = y**2 - y - 6. Let u(q) = 464*q - 31801. What is the remainder when u(69) is divided by t(6)?
23
Suppose -59 = -3*z + 16. Let j = z + -20. Suppose j*v + 5*v - 150 = 0. Calculate the remainder when 57 is divided by v.
12
Suppose k - n + 0*n = -3, 2*k - 5*n + 9 = 0. Let h(m) = -3*m - 3. Calculate the remainder when 89 is divided by h(k).
2
Let l = 106 + -102. Let t be -1 - l - (-6)/3 - -18. Suppose 3*m = c - t, c - 4*c + 3*m + 27 = 0. What is the remainder when 34 is divided by c?
4
What is the remainder when 5 - 6*215/(-5) - 2 is divided by ((-612)/(-60) - 10) + (-264)/(-5)?
49
Let h = 23 - 32. Let d be (2*h)/(40/(-980)). Suppose 0 = -5*m + 84 + d. What is the remainder when m is divided by 36?
33
Let s = 2234 - 2126. What is the remainder when s is divided by 28?
24
Let k(y) = 20*y**3 + 8*y**2 - 16*y - 4. Let a be 